t l be 4/6*(-42)/4. What is r(l)?
-3
Suppose -2*k = 2 - 0. Let p(x) be the second derivative of -13*x**4/12 + x**2/2 - 14*x. Give p(k).
-12
Let z = -6 - -1. Let x(l) = -l - 5. Give x(z).
0
Let n(b) be the second derivative of b**3/6 + 2*b. Determine n(-5).
-5
Suppose -5*f + 10 = 5*s, -3*s - s = -5*f + 28. Let q(k) = 5*k**2 - 10*k + 10. Let z(j) = -4*j**2 + 9*j - 9. Let x(a) = -3*q(a) - 4*z(a). Calculate x(f).
-2
Let w(y) = -3*y + 5*y + y**3 + 4*y**2 + 87 - 88. Suppose 0*u - 10 = 2*u, -u = 5*x + 20. Give w(x).
2
Let r be (3 + -1 - 3) + 1. Let l(s) = 6*s**2 + 1 + r - 3*s + 3*s - s**3 - 5*s. Determine l(5).
1
Let l(d) be the first derivative of -5*d**2/2 + d + 2. Let h = -1 - -1. Suppose 10 = 5*n, h*n = 2*m + n. Calculate l(m).
6
Let v(z) = -14*z + 35. Let d(g) = -5*g + 12. Let y(f) = 17*d(f) - 6*v(f). Suppose -u - 12 = 5*p + 2, 50 = 5*u - 5*p. Let x be (-40)/12 + (-4)/u. What is y(x)?
-2
Let y(u) = -u**2 + 0 + 2 - 7 - 5*u. Let v be (-237)/12 + (-2)/8. Let a be (2/4)/(2/v). Give y(a).
-5
Let z(l) = l**2. Let f(u) = -4*u**2 - 6*u - 3. Let r(c) = f(c) + 3*z(c). Suppose -5*q + 87 = -28. Suppose q - 8 = -5*i. What is r(i)?
6
Suppose s = y + 5, -2*s + 4*s + 5*y + 11 = 0. Let p(l) = -l**3 + l**2 + l - 1. What is p(s)?
-3
Let o be ((-4)/(-6))/((-6)/(-9)). Let l be -1 + -1 + o + 3. Let w(x) = -x - 3 + 1 + 4*x - 3*x**2. Determine w(l).
-8
Let s(h) = h**2 + 2*h - 12. Let b be s(-5). Suppose -2*z - 8 = -5*d + 2*z, 2*d = -5*z + 23. Let y(n) = d*n + n**2 - n**3 + 1 - n**2 + n**2. Calculate y(b).
-5
Suppose -6*b + b = -10. Let m(t) = -3*t - 5. Let p(q) = -10*q - 15. Let j(x) = b*p(x) - 7*m(x). Give j(-6).
-1
Let k(z) be the first derivative of 2*z**3 - z**2/2 - 1. Let i(d) = -d**2 - d + 3. Let g be i(-2). Let q be k(g). Let y(h) = -2*h + 5. Determine y(q).
-5
Suppose 9 = 4*t + 4*s - 11, 0 = 4*t - s - 5. Let z = t + 4. Let i(d) = d - 2. Give i(z).
4
Suppose 4*n + 4*h + 4 + 12 = 0, n + 4*h - 5 = 0. Let q(b) = b**3 + 8*b**2 + 8*b + 7. Determine q(n).
0
Suppose -1 - 3 = -3*z + 5*l, 0 = z - 3*l. Let h(j) = j - 2*j - z*j + j. Calculate h(3).
-9
Let g(o) be the first derivative of o**5/20 + o**4/3 - o**2 + 2*o + 2. Let x(c) be the first derivative of g(c). Let t = -10 + 6. What is x(t)?
-2
Let x(j) be the second derivative of -j**3 - 3*j**2/2 - 5*j. What is x(-2)?
9
Let h = -49 + 50. Let d(c) = 1 - 2*c**2 + 0*c**3 - 6*c**3 + 2*c - 2. Give d(h).
-7
Let j(u) = u**3 + 5*u**2 + 3*u + 1. Let b be j(-4). Suppose 3*i = 2*i - b. Let n(y) be the second derivative of -y**4/12 - 2*y**3/3 + y. Determine n(i).
-5
Let p(f) = f + 2. Let o = -11 + 7. Let a = o + 4. What is p(a)?
2
Let z(d) be the third derivative of -d**2 + 1/12*d**4 + 0*d + 0*d**3 + 0 + 1/30*d**5. Suppose 27 = -4*i + 19. Determine z(i).
4
Let b(t) = 3*t + t**2 + 5*t - 5 - 5*t. Give b(-4).
-1
Let b(g) = 3 - 4 + 3*g - 3*g - g. Let r be (-1)/(6/8 + -1). Suppose -i + r*i = 0. What is b(i)?
-1
Let n(g) be the second derivative of -g**5/120 - 7*g**4/24 + 2*g**3/3 - g. Let o(i) be the second derivative of n(i). Give o(0).
-7
Let h(s) = -16*s + 5. Suppose 1 - 8 = n. Let q(k) = -8*k + 2. Let o(x) = n*q(x) + 3*h(x). What is o(-1)?
-7
Let c(z) = z**3 - z**2 - z + 1. Let s(o) = 16*o**3 - 4*o**2 - 5*o + 4. Let t(k) = 5*c(k) - s(k). Let a(l) = l**2 - 6*l + 4. Let n be a(5). What is t(n)?
11
Let i(o) be the third derivative of 1/6*o**3 + 0 + 0*o - 2*o**2 + 1/12*o**4. What is i(4)?
9
Let t(y) = y**2 - 4*y - 1. Let z(f) = 7*f**3 - 6*f**3 + 0*f**3 + 1 + 5*f**2. Let w be z(-5). Suppose 0 = h - 3*s - 0 + w, 5*h - 23 = s. Give t(h).
4
Let g(f) be the second derivative of f**3/6 - f. Let h be (2 + 2 - 9)*3/3. Calculate g(h).
-5
Suppose -3*j = j + 3*p - 8, 0 = 3*p. Suppose j*i + 1 = -1. Let z(o) = -11*o**2 + o. What is z(i)?
-12
Suppose -5*p + 84 = 24. Let d be 6*2/p*3. Let g(c) = c**3 - 3*c**2 - 2*c. Calculate g(d).
-6
Let z = -2 + 5. Let h = 1 + z. Let q(d) = 2 - 1 - 4*d**2 + d**3 - 5. Give q(h).
-4
Let z(l) = -l + 8. Let b(c) = -c + 15. Let o(a) = 4*b(a) - 7*z(a). Give o(-4).
-8
Let c(p) = 0*p + p**3 - 2*p**2 + 4*p + 7*p**2. Suppose -2 - 6 = 2*q. Let m = -7 - q. Calculate c(m).
6
Let r(v) = -4 + 9 - v + 2. Calculate r(7).
0
Let k = 7 - 3. Let w(b) = -4*b + 0*b + k*b + 6 - 4*b. Let a(i) = 3*i - 6. Let j(l) = 5*a(l) + 4*w(l). Calculate j(0).
-6
Let i(x) = 5*x**3 + 5 - 9*x**2 + 3*x + 0*x - 6*x**3. What is i(-9)?
-22
Let p(g) = -9 - g**3 + 3 + 2*g**3 + 4*g - 5*g. Calculate p(0).
-6
Let x(r) be the third derivative of -r**6/360 + r**5/40 + 5*r**4/24 - r**3/6 - 3*r**2. Let c(z) be the first derivative of x(z). Determine c(5).
-5
Let x(i) be the first derivative of i**2/2 - i + 5. What is x(7)?
6
Let h(r) = r**3 - 5*r**2 + 4*r + 4. Let b be h(4). Let x(y) be the second derivative of -y**4/12 + 2*y**3/3 + 5*y**2/2 - 2*y. Determine x(b).
5
Let r be (-1)/(-2)*1 - (-3)/(-6). Suppose 4*o + 2*f = 9 + 21, 0 = 3*f - 15. Suppose -1 = -q + o*c - r*c, c + 3 = 3*q. Let u(m) = 6*m**2 - 2*m + 1. What is u(q)?
5
Let i(b) = -10 - 52*b + 3 + 53*b. Calculate i(11).
4
Suppose 0 = -3*x + 8 + 4. Let r = -2 + x. Let j(q) = -r*q + 1 - q - 2*q. Give j(1).
-4
Let g(m) = m - 13. Let h(j) = j - 12. Let k(s) = 4*g(s) - 5*h(s). Let f(z) = -7*z**2 + 2*z - 1. Let l be f(1). Determine k(l).
14
Let f(i) be the first derivative of -i**2/2 + 2*i + 1. Let v be f(6). Let k(s) = -2*s**2 + 5 + 0*s**3 - 2*s**2 + 2*s - s**3. Determine k(v).
-3
Let o(i) be the first derivative of i**4/12 - i**3/3 - 7*i**2/2 - 7. Let r(j) be the second derivative of o(j). Calculate r(3).
4
Let j(v) = -v**2 + 8*v + 5. Let x(w) = -2*w**2 + 15*w + 9. Let c(o) = -5*j(o) + 3*x(o). Suppose 0*h - 5*h = -35. Let n = 12 - h. Determine c(n).
2
Let z(o) = 5*o**2 - 1. Suppose -3*p - 7 = -r, 0 = -3*p - 2*r + 1 - 5. Determine z(p).
19
Let u = 5 - 5. Let v be 9/(-6)*-2*1. Let o(m) = v*m + u*m + m. What is o(1)?
4
Let d = -13 - -7. Let v(h) = h**3 - 11*h**2 - 12*h + 4. Let u be v(12). Let f(q) = 6*q**2 + 2*q**3 + 2*q + 3*q**3 + u - 4*q**3. Determine f(d).
-8
Let j(l) = -l**3 + 2*l**2 + 3*l + 2. Suppose 0 = -4*f - 0*k - k + 11, -5*k - 8 = -f. Determine j(f).
2
Let i = 56 + -61. Let b(d) = -d**3 - 5*d**2 + d - 2. Give b(i).
-7
Let m(k) be the third derivative of k**6/120 + k**5/15 - 5*k**4/24 - k**3 - 3*k**2. What is m(-4)?
14
Let g = 31/39 + -6/13. Let a(b) be the first derivative of -g*b**3 - 2 + 2*b + 0*b**2. Give a(-3).
-7
Let s be (-69)/(-15) - (-4)/10. Let m(g) = -s - g + 0 + 0*g. Determine m(0).
-5
Suppose 5*h = 4*j + 45, -12 + 42 = -3*j + 3*h. Let o(g) = -17 - 3*g**3 + g + 12 + 4*g**3 + 6*g**2 + 5*g. What is o(j)?
-10
Suppose 2*y = 3*w - 6, -4*y - 4 = -2*w - 0. Let i be w/9 - (-16)/9. Suppose 5*k = 5, -3*k - i + 5 = 4*m. Let r(l) = -l**3 - l**2 - l - 4. Calculate r(m).
-4
Let k(o) = -o - 1. Let x be (-2)/(-11) - (-326)/22. Suppose -4*a - x = -7*a. Suppose -l + 4*m = l + 16, -3*l + 20 = a*m. Give k(l).
-1
Let t(k) be the second derivative of -k**4/12 - 5*k**3/6 + 7*k**2/2 - 16*k. Calculate t(-5).
7
Let t be 3 + ((-8)/(-12) - 3). Let i(m) be the first derivative of -1/4*m**4 - t*m**3 - 1 - m + m**2. What is i(1)?
-2
Let i(z) = z + 3. Let d be 16/20 - 11/(-5). Suppose -4*o + 4*k + k = -25, d*o + k = -5. What is i(o)?
3
Let u(a) = 3*a + 5 - 2 + a**2 - 3 + 4. Let d(t) = 2*t + 5. Let h(c) = -2*c - 4. Let b(o) = -5*d(o) - 6*h(o). Let v be b(-1). What is u(v)?
4
Suppose z = 4*j - 31, -22 = -3*j - 2*z + 4*z. Let h be 6/4*j/6. Let n(o) = 3*o**2 + 2 + 2 - 5*o - 4*o**h. Calculate n(-5).
4
Let x(y) = y**2 + 6*y - 4. Let b(t) = -19*t - t**2 + 8 - 2*t**2 + 5. Let l(n) = 2*b(n) + 7*x(n). Determine l(-5).
3
Let q(w) be the second derivative of -7*w**4/12 - 2*w**3 + 5*w**2 + 2*w. Let d(r) = -15*r**2 - 25*r + 21. Let a(f) = 6*d(f) - 13*q(f). Calculate a(-6).
-4
Let v(u) be the first derivative of u**5/120 - u**4/24 - 2*u**3/3 - 1. Let m(d) be the third derivative of v(d). Determine m(-4).
-5
Let l(o) = -5*o + 1. Let y(p) = -p. Let t(a) = -l(a) + 4*y(a). Suppose 0*b - 6 = -2*b. Give t(b).
2
Let n(b) be the third derivative of -b**6/120 - b**5/60 + b**4/24 - 13*b**3/6 + 29*b**2. Calculate n(0).
-13
Let k = -47 - -34. Let o(t) = -15*t**2 - 9*t + 11. Let h(w) = 7*w**2 + 4*w - 5. Let s(u) = k*h(u) - 6*o(u). Calculate s(1).
0
Suppose -z - z + 4*l + 28 = 0, -2*l = -4*z + 26. Let p(t) = t**2 - 2*t + 1. Determine p(z).
9
Suppose 0 =